t 5866 (base 11) to base 9.
11500
Convert -2002122 (base 3) to base 14.
-7b3
-1134 (base 15) to base 12
-2141
Convert eba (base 15) to base 6.
23221
-35114 (base 8) to base 12
-8778
-3a8 (base 13) to base 5
-10040
What is -20020001 (base 3) in base 15?
-1527
1122 (base 10) to base 9
1476
What is 311431 (base 5) in base 4?
2200001
Convert -13202 (base 4) to base 2.
-111100010
Convert 15b8 (base 14) to base 16.
f2e
2122 (base 6) to base 5
3412
What is 2978 (base 11) in base 9?
5232
66a8 (base 15) to base 5
1144013
Convert 107 (base 11) to base 8.
200
-12112200 (base 3) to base 8
-7711
Convert -1011 (base 4) to base 16.
-45
774e (base 16) to base 10
30542
What is -353 (base 9) in base 2?
-100100011
What is -10ba (base 16) in base 3?
-12212121
What is -161161 (base 7) in base 2?
-111101110100000
Convert -400302 (base 6) to base 4.
-13213232
Convert -333312 (base 5) to base 2.
-10110110111011
-142 (base 13) to base 3
-22021
-3a35 (base 16) to base 10
-14901
Convert 8164 (base 14) to base 5.
1202421
What is 1411 (base 7) in base 5?
4142
Convert -b7d7 (base 15) to base 8.
-113766
Convert -878 (base 12) to base 10.
-1244
-123 (base 6) to base 15
-36
-761 (base 9) to base 11
-516
What is 101222 (base 3) in base 5?
2141
What is -15d9 (base 15) in base 5?
-122304
What is bb7 (base 16) in base 15?
d4e
3e3 (base 15) to base 14
476
Convert -10100000110110 (base 2) to base 8.
-24066
-320 (base 7) to base 5
-1121
61 (base 15) to base 5
331
3031 (base 5) to base 13
241
What is -20144 (base 6) in base 5?
-41111
What is -32131 (base 4) in base 3?
-1021021
What is 73d (base 16) in base 2?
11100111101
-1002212201 (base 3) to base 5
-1144111
What is -3131223 (base 4) in base 6?
-145403
Convert -5825 (base 9) to base 16.
-10dc
Convert -2430 (base 8) to base 13.
-794
Convert -a7b (base 16) to base 3.
-10200101
42420 (base 5) to base 4
230230
-132c1 (base 13) to base 6
-433011
What is 12325 (base 10) in base 2?
11000000100101
Convert -1010000110101 (base 2) to base 15.
-17ed
Convert 260566 (base 7) to base 15.
e4ad
What is -100000110010 (base 2) in base 10?
-2098
What is -bb4 (base 16) in base 11?
-2284
Convert 331023 (base 4) to base 11.
2a3a
Convert -1422 (base 5) to base 13.
-153
392 (base 16) to base 6
4122
-338 (base 16) to base 13
-4b5
Convert 1744 (base 8) to base 15.
466
202341 (base 7) to base 8
103254
What is -1735 (base 9) in base 4?
-110300
What is 712 (base 13) in base 6?
5314
What is 10101211020 (base 3) in base 12?
328a3
Convert 1023032 (base 4) to base 9.
6538
What is 1002001000 (base 3) in base 10?
21168
-1013201 (base 4) to base 5
-121302
-21000 (base 4) to base 16
-240
What is 10001000110110011 (base 2) in base 14?
1b76b
What is -1423 (base 11) in base 16?
-730
What is -325 (base 6) in base 13?
-98
Convert 214215 (base 6) to base 8.
42603
Convert -1221 (base 15) to base 16.
-f10
Convert -147b (base 14) to base 13.
-186a
Convert 2a (base 16) to base 8.
52
-13022 (base 4) to base 2
-111001010
What is d145 (base 16) in base 11?
37283
26064 (base 8) to base 11
8558
What is 2200 (base 4) in base 12?
114
Convert 410a (base 12) to base 5.
211231
1125 (base 10) to base 13
687
-120011201 (base 3) to base 4
-2230312
What is -20454 (base 6) in base 7?
-11035
What is 37424 (base 12) in base 8?
222234
Convert 4113 (base 6) to base 2.
1110001101
What is -30342 (base 9) in base 7?
-112130
Convert 620b (base 12) to base 8.
24653
Convert b154 (base 15) to base 6.
445141
Convert 1731 (base 9) to base 12.
924
Convert 692 (base 13) to base 3.
1112222
-7514 (base 11) to base 10
-9937
Convert 12212 (base 5) to base 6.
4152
-1230020 (base 4) to base 15
-20b5
Convert -868 (base 16) to base 4.
-201220
What is -10010 (base 8) in base 12?
-2460
Convert 49525 (base 10) to base 8.
140565
Convert 1673 (base 11) to base 5.
32022
What is 874 (base 9) in base 16?
2cb
-28189 (base 10) to base 4
-12320131
What is 4a8c (base 16) in base 11?
1337a
Convert -233143 (base 8) to base 2.
-10011011001100011
-1e7 (base 16) to base 2
-111100111
What is 13300 (base 4) in base 10?
496
What is -461c (base 13) in base 4?
-2121203
10101010 (base 2) to base 7
332
What is 1011100100 (base 2) in base 6?
3232
What is a89 (base 11) in base 5?
20212
Convert -1386 (base 9) to base 3.
-1102220
What is -1111120 (base 4) in base 5?
-133324
Convert 21323 (base 4) to base 13.
39b
Convert a9d (base 16) to base 8.
5235
-351 (base 9) to base 4
-10201
Convert 2212130 (base 4) to base 8.
24634
Convert 20 (base 4) to base 6.
12
-21127 (base 12) to base 11
-2a652
Convert 292 (base 11) to base 3.
110201
What is -1000111200 (base 3) in base 2?
-100111001010100
Convert -11544 (base 6) to base 16.
-6b8
10213203 (base 4) to base 15
5910
What is 4807 (base 13) in base 6?
114551
What is 121201022 (base 3) in base 2?
10111110011001
-5c62 (base 14) to base 13
-747c
What is 57 (base 15) in base 5?
312
-1293 (base 11) to base 8
-3213
What is -2144 (base 6) in base 4?
-13300
What is -11412 (base 5) in base 2?
-1101011001
3440 (base 5) to base 2
111101111
What is -31b (base 13) in base 5?
-4111
Convert -2c1a (base 13) to base 14.
-24c5
Convert -1a38 (base 16) to base 11.
-5052
What is -420 (base 12) in base 3?
-211020
722 (base 9) to base 6
2415
-23a8 (base 13) to base 16
-13af
57073 (base 8) to base 7
130221
57 (base 12) to base 5
232
Convert 408 (base 14) to base 2.
1100011000
254 (base 9) to base 16
d3
10001010111010101 (base 2) to base 16
115d5
What is 1110211112 (base 3) in base 14?
a823
What is -2869 (base 13) in base 6?
-43001
-26a76 (base 11) to base 14
-100a5
Convert 2121200 (base 4) to base 9.
14425
-351 (base 11) to base 10
-419
10022 (base 5) to base 11
52a
Convert 19836 (base 12) to base 14.
d934
What is -223 (base 15) in base 14?
-267
What is -1144b (base 14) in base 8?
-122033
Convert -1464 (base 8) to base 11.
-686
Convert 597 (base 15) to base 5.
20032
What is 2330 (base 7) in base 3?
1011122
What is 665 (base 14) in base 7?
3455
-7a4 (base 12) to base 5
-14012
What is -100011 (base 3) in base 9?
-304
What is -5321 (base 6) in base 8?
-2261
-43546 (base 9) to base 16
-70ce
-4402 (base 7) to base 9
-2134
-a5a (base 15) to base 7
-6544
2125 (base 6) to base 8
745
What is 1a6 (base 14) in base 6?
1330
What is -10220012 (base 3) in base 6?
-21052
What is 566 (base 12) in base 6?
3410
Convert b6a (base 16) to base 10.
2922
Convert 32130 (base 5) to base 11.
1699
-248 (base 15) to base 9
-635
What is -64d (base 14) in base 15?
-580
What is 19c0 (base 13) in base 9?
5274
-50635 (base 10) to base 8
-142713
-53224 (base 6) to base 3
-100220021
What is -10034 (base 6) in base 9?
-1724
What is 12113 (base 4) in base 7?
1121
Convert -90b (base 13) to base 4.
-113330
What is 427 (base 11) in base 15?
243
What is 1657 (base 8) in base 9?
1257
201122 (base 3) to base 12
382
-110110111001110 (base 2) to base 13
-ca44
Convert -88a (base 11) to base 15.
-4b1
-34dc (base 14) to base 8
-21772
What is 3353 (base 8) in base 13?
a63
What is 917 (base 10) in base 13?
557
-445 (base 10) to base 12
-311
What is -400 (base 5) in base 2?
-1100100
3437 (base 8) to base 13
aa3
Convert -301 (base 4) to base 5.
-144
Convert 14b9 (base 14) to base 12.
2177
Convert 147 (base 11) to base 16.
ac
-616 (base 8) to base 15
-1b8
Convert -1454 (base 11) to base 7.
-5315
1011010 (base 2) to base 9
110
2111010 (base 3) to base 11
13a8
-142 (base 8) to base 5
-343
-813b (base 12) to base 10
-14015
434 (base 6) to base 10
166
What is 4ab (base 15) in base 5?
13221
Convert -1902 (base 15) to base 11.
-4071
2104 (base 7) to base 12
517
What is 1a2 (base 12) in base 5?
2031
Convert 5165 (base 7) to base 3.
2111002
-14446 (base 7) to base 9
-5437
Convert -215 (base 11) to base 12.
-196
-11110001000111 (base 2) to base 9
-23145
-1230023 (base 5) to base 4
-11303103
What is -2102002 (base 3) in base 7?
-5060
1011111 (base 3) to base 9
1144
Convert 323 (base 8) to base 13.
133
What is -130213 (base 4) in base 16?
-727
What is 23064 (base 11) in base 10?
33345
What is 21676 (base 8) in base 4?
2032332
What is 3542 (base 13) in base 7?
30560
-2676 (base 10) to base 8
-5164
74aa (base 14) to base 16
4eae
What is 201001 (base 3) in base 11?
428
What is -914 (base 16) in base 15?
-a4e
10111000110100 (base 2) to base 4
2320310
Convert -88015 (base 9) to base 10.
-5